{"id":5496,"date":"2024-11-29T16:36:21","date_gmt":"2024-11-29T15:36:21","guid":{"rendered":"https:\/\/www.laminet.ch\/protection-des-donnees\/"},"modified":"2025-02-02T15:20:50","modified_gmt":"2025-02-02T14:20:50","slug":"protection-des-donnees","status":"publish","type":"page","link":"https:\/\/www.laminet.ch\/fr\/protection-des-donnees\/","title":{"rendered":"Protection des donn\u00e9es"},"content":{"rendered":"\t\t<div data-elementor-type=\"wp-page\" data-elementor-id=\"5496\" class=\"elementor elementor-5496 elementor-1817\" data-elementor-post-type=\"page\">\n\t\t\t\t<div class=\"elementor-element elementor-element-d102310 e-flex e-con-boxed e-con e-parent\" data-id=\"d102310\" data-element_type=\"container\" data-e-type=\"container\">\n\t\t\t\t\t<div class=\"e-con-inner\">\n\t\t\t\t<div class=\"elementor-element elementor-element-2287821 elementor-widget elementor-widget-heading\" data-id=\"2287821\" data-element_type=\"widget\" data-e-type=\"widget\" data-widget_type=\"heading.default\">\n\t\t\t\t<div class=\"elementor-widget-container\">\n\t\t\t\t\t<h2 class=\"elementor-heading-title elementor-size-default\">Politique de confidentialit\u00e9<\/h2>\t\t\t\t<\/div>\n\t\t\t\t<\/div>\n\t\t\t\t\t<\/div>\n\t\t\t\t<\/div>\n\t\t<div class=\"elementor-element elementor-element-ed2d0d9 e-flex e-con-boxed e-con e-parent\" data-id=\"ed2d0d9\" data-element_type=\"container\" data-e-type=\"container\">\n\t\t\t\t\t<div class=\"e-con-inner\">\n\t\t\t\t<div class=\"elementor-element elementor-element-532b696 elementor-widget elementor-widget-text-editor\" data-id=\"532b696\" data-element_type=\"widget\" data-e-type=\"widget\" data-widget_type=\"text-editor.default\">\n\t\t\t\t<div class=\"elementor-widget-container\">\n\t\t\t\t\t\t\t\t\t<p style=\"font-weight: 400;\"><strong>Personne responsable<\/strong><\/p><p style=\"font-weight: 400;\">La personne responsable du traitement de vos donn\u00e9es personnelles est<\/p><p style=\"font-weight: 400;\">Marie-Therese Laminet<br \/>Cabinet d&rsquo;acupuncture<br \/>Rue de Nidau 28<br \/>2502 Bienne<\/p><p style=\"font-weight: 400;\"><strong>But du traitement <\/strong><\/p><p style=\"font-weight: 400;\">La collecte et le traitement de vos donn\u00e9es personnelles servent en premier lieu \u00e0 communiquer avec vous. Cela inclut \u00e9galement des fins de marketing et de gestion des relations. Nous utilisons en particulier les donn\u00e9es de communication et les donn\u00e9es de base \u00e0 cet effet. Nous pouvons \u00e9galement collecter et traiter des donn\u00e9es personnelles pour l&rsquo;ex\u00e9cution et le traitement du contrat de traitement. Sur la base de votre utilisation de notre site web, nous traitons vos donn\u00e9es aux fins d\u00e9crites ci-dessous.<\/p><p style=\"font-weight: 400;\"><u>Mise \u00e0 disposition du site web et cr\u00e9ation de fichiers journaux<\/u><\/p><p style=\"font-weight: 400;\">Lorsque vous visitez notre site web, nous collectons automatiquement des informations techniques g\u00e9n\u00e9rales sur votre visite dans ce que l&rsquo;on appelle des fichiers journaux. Il s&rsquo;agit par exemple de l&rsquo;adresse IP de l&rsquo;appareil utilis\u00e9 \u00e0 partir duquel la visite a lieu. La collecte et le traitement de ces fichiers journaux ont pour but de permettre l&rsquo;utilisation de notre site web (\u00e9tablissement de la connexion), de garantir et d&rsquo;augmenter durablement la s\u00e9curit\u00e9 et la stabilit\u00e9 de nos syst\u00e8mes, de permettre l&rsquo;optimisation de notre offre Internet ainsi qu&rsquo;\u00e0 des fins statistiques internes.<\/p><p style=\"font-weight: 400;\"><u>Bulletin d&rsquo;information<\/u><\/p><p style=\"font-weight: 400;\">Vous pouvez vous inscrire \u00e0 notre newsletter. Nous traitons les donn\u00e9es recueillies dans ce cadre afin de pouvoir vous informer sur notre cabinet et sur les \u00e9volutions g\u00e9n\u00e9rales dans le domaine de la MTC\/sant\u00e9 par le biais de la newsletter. Vous pouvez vous d\u00e9sabonner de la newsletter \u00e0 tout moment en envoyant un e-mail \u00e0 [E-Mail Adresse].<\/p><p style=\"font-weight: 400;\"><u>Formulaire de contact, chat et contact par e-mail<\/u><\/p><p style=\"font-weight: 400;\">Vous pouvez nous contacter par formulaire de contact, chat ou e-mail. Nous traitons les donn\u00e9es ainsi collect\u00e9es afin d&rsquo;examiner votre demande et de prendre contact avec vous, par exemple pour fixer un rendez-vous.<\/p><p style=\"font-weight: 400;\">\u00a0<\/p><p style=\"font-weight: 400;\"><strong>Transmission<\/strong><\/p><p style=\"font-weight: 400;\">Nous traitons vos donn\u00e9es personnelles de mani\u00e8re confidentielle et ne les communiquons qu&rsquo;aux tiers mentionn\u00e9s dans la pr\u00e9sente d\u00e9claration de confidentialit\u00e9.<\/p><p style=\"font-weight: 400;\">Pour diverses activit\u00e9s administratives, notre cabinet fait appel \u00e0 des prestataires de services externes. Ces prestataires de services externes peuvent, en raison de leurs activit\u00e9s, avoir acc\u00e8s \u00e0 vos donn\u00e9es personnelles, \u00e9tant entendu qu&rsquo;ils sont contractuellement tenus de toujours traiter vos donn\u00e9es personnelles de mani\u00e8re confidentielle. Dans ce contexte, vos donn\u00e9es personnelles peuvent notamment \u00eatre communiqu\u00e9es aux destinataires suivants :<\/p><ul><li>Fiduciaire en rapport avec la tenue de la comptabilit\u00e9 et l&rsquo;\u00e9tablissement et l&rsquo;envoi des factures,<\/li><li>conseiller fiscal, si cela s&rsquo;av\u00e8re n\u00e9cessaire pour l&rsquo;\u00e9tablissement de la d\u00e9claration d&rsquo;imp\u00f4t,<\/li><li>les soci\u00e9t\u00e9s de services informatiques qui fournissent les logiciels et les services que nous utilisons et assurent la gestion du site web,<\/li><li>les soci\u00e9t\u00e9s de recouvrement, si nous devons faire valoir notre prestation par voie de poursuite,<\/li><li>les cabinets d&rsquo;avocats, si un litige r\u00e9sulte du contrat de soins,<\/li><li>Caisse des M\u00e9decins<\/li><\/ul><p style=\"font-weight: 400;\">En outre, nous communiquons vos donn\u00e9es personnelles aux caisses d&rsquo;assurance maladie et aux compagnies d&rsquo;assurance, notamment dans le cadre de la facturation des prestations que nous fournissons. Nous pouvons \u00e9galement communiquer vos donn\u00e9es personnelles \u00e0 des administrations et des autorit\u00e9s, telles que les autorit\u00e9s sanitaires cantonales ou f\u00e9d\u00e9rales, si cela s&rsquo;av\u00e8re n\u00e9cessaire dans le cadre de la gestion de notre cabinet et des autorisations accord\u00e9es.<\/p><p style=\"font-weight: 400;\">Nous pouvons \u00e9galement communiquer vos donn\u00e9es personnelles \u00e0 d&rsquo;autres professionnels de la sant\u00e9 (tels que des m\u00e9decins, des naturopathes, etc.) si cela s&rsquo;av\u00e8re n\u00e9cessaire dans le cadre du traitement m\u00e9dical, par exemple pour obtenir un deuxi\u00e8me avis ou des informations compl\u00e9mentaires ou pour assurer la suppl\u00e9ance. Si cela s&rsquo;av\u00e8re n\u00e9cessaire dans le cadre du traitement m\u00e9dical, nous pouvons \u00e9galement demander \u00e0 d&rsquo;autres professionnels de la sant\u00e9 (p. ex. votre m\u00e9decin traitant) de nous fournir des informations sur vos ant\u00e9c\u00e9dents m\u00e9dicaux et, dans ce contexte, nous indiquons que vous \u00eates en traitement chez nous.<\/p><p style=\"font-weight: 400;\">Vos donn\u00e9es personnelles (comme les r\u00e9sultats, les propositions th\u00e9rapeutiques, etc.) peuvent \u00e9galement \u00eatre partag\u00e9es avec vos proches.<\/p><p>\u00a0<\/p><p style=\"font-weight: 400;\"><strong>Annonce \u00e0 l&rsquo;\u00e9tranger<\/strong><\/p><p style=\"font-weight: 400;\">Nous communiquons vos donn\u00e9es personnelles aux pays suivants : Allemagne<\/p><p style=\"font-weight: 400;\"><strong>Communication<\/strong><\/p><p style=\"font-weight: 400;\">La communication par courrier \u00e9lectronique non crypt\u00e9 comporte un risque de perte, d&rsquo;interception ou de manipulation des donn\u00e9es. La confidentialit\u00e9 des donn\u00e9es ne peut pas \u00eatre garantie lors de la transmission par courrier \u00e9lectronique non crypt\u00e9. Il en va de m\u00eame pour les services de messagerie. Nous ne pouvons pas garantir la confidentialit\u00e9 des communications par courrier \u00e9lectronique non crypt\u00e9 et des services de messagerie. Si vous nous contactez par e-mail, par messagerie ou par un service similaire, nous consid\u00e9rons que vous acceptez d&rsquo;utiliser ces canaux de communication. Nous nous r\u00e9servons \u00e9galement le droit de vous contacter par le biais de ces canaux de communication.<\/p><p style=\"font-weight: 400;\"><strong>Utilisation des cookies<\/strong><\/p><p style=\"font-weight: 400;\">Les cookies sont de petites unit\u00e9s d&rsquo;information qui permettent d&rsquo;identifier votre navigateur de mani\u00e8re unique et dans lesquelles d&rsquo;autres informations telles que les pr\u00e9f\u00e9rences de l&rsquo;utilisateur peuvent \u00eatre stock\u00e9es. Lorsque vous visitez notre site Web, les cookies sont automatiquement enregistr\u00e9s sur votre terminal. Les cookies contribuent \u00e0 rendre votre visite sur le site plus simple, plus agr\u00e9able et plus utile. Nous utilisons les cookies suivants :<\/p><ul><li>Cookies techniquement n\u00e9cessaires : ces cookies sont obligatoires pour le fonctionnement de notre site web et ne peuvent pas \u00eatre d\u00e9sactiv\u00e9s dans nos syst\u00e8mes.<\/li><li>Cookies de fonctionnalit\u00e9 : ces cookies permettent de fournir des fonctionnalit\u00e9s am\u00e9lior\u00e9es et de personnaliser. Ils peuvent \u00eatre plac\u00e9s par nous ou par des tiers dont nous utilisons les services sur notre site.<\/li><li>Cookies d&rsquo;analyse : ces cookies nous permettent de compter les visites et d&rsquo;identifier les sources d&rsquo;acc\u00e8s afin de d\u00e9terminer et d&rsquo;am\u00e9liorer les performances de notre site.<\/li><li>Cookies marketing : ces cookies et autres technologies de suivi nous permettent de vous proposer des publicit\u00e9s personnalis\u00e9es.<\/li><\/ul><p style=\"font-weight: 400;\">Vous pouvez configurer votre navigateur pour qu&rsquo;il bloque les cookies. Toutefois, cela peut emp\u00eacher le fonctionnement de certaines parties du site.<\/p><p style=\"font-weight: 400;\">\u00a0<\/p><p style=\"font-weight: 400;\"><strong>Contact<\/strong><\/p><p style=\"font-weight: 400;\">Pour toute question concernant le traitement de vos donn\u00e9es personnelles ou l&rsquo;exercice de vos droits en mati\u00e8re de protection des donn\u00e9es, vous pouvez nous contacter \u00e0 l&rsquo;adresse praxis@laminet.ch<\/p><p style=\"font-weight: 400;\"><strong>Actualit\u00e9 et modifications<\/strong><\/p><p style=\"font-weight: 400;\">Nous nous r\u00e9servons le droit de mettre \u00e0 jour et d&rsquo;adapter la pr\u00e9sente d\u00e9claration de confidentialit\u00e9 \u00e0 tout moment et sans pr\u00e9avis. La version en vigueur publi\u00e9e sur notre site web fait foi.<\/p><p style=\"font-weight: 400;\">En utilisant notre site web, vous acceptez ces conditions et le traitement correspondant de vos donn\u00e9es personnelles.<\/p><p style=\"font-weight: 400;\">Version de la d\u00e9claration de confidentialit\u00e9 de 01.02.2025<\/p><p style=\"font-weight: 400;\">\u00a0<\/p>\t\t\t\t\t\t\t\t<\/div>\n\t\t\t\t<\/div>\n\t\t\t\t\t<\/div>\n\t\t\t\t<\/div>\n\t\t\t\t<\/div>\n\t\t","protected":false},"excerpt":{"rendered":"<p>Politique de confidentialit\u00e9 Personne responsable La personne responsable du traitement de vos donn\u00e9es personnelles est Marie-Therese LaminetCabinet d&rsquo;acupunctureRue de Nidau 282502 Bienne But du traitement La collecte et le traitement de vos donn\u00e9es personnelles servent en premier lieu \u00e0 communiquer avec vous. Cela inclut \u00e9galement des fins de marketing et de gestion des relations. Nous [&hellip;]<\/p>\n","protected":false},"author":1,"featured_media":0,"parent":0,"menu_order":0,"comment_status":"closed","ping_status":"closed","template":"","meta":{"footnotes":""},"class_list":["post-5496","page","type-page","status-publish","hentry"],"_links":{"self":[{"href":"https:\/\/www.laminet.ch\/fr\/wp-json\/wp\/v2\/pages\/5496","targetHints":{"allow":["GET"]}}],"collection":[{"href":"https:\/\/www.laminet.ch\/fr\/wp-json\/wp\/v2\/pages"}],"about":[{"href":"https:\/\/www.laminet.ch\/fr\/wp-json\/wp\/v2\/types\/page"}],"author":[{"embeddable":true,"href":"https:\/\/www.laminet.ch\/fr\/wp-json\/wp\/v2\/users\/1"}],"replies":[{"embeddable":true,"href":"https:\/\/www.laminet.ch\/fr\/wp-json\/wp\/v2\/comments?post=5496"}],"version-history":[{"count":4,"href":"https:\/\/www.laminet.ch\/fr\/wp-json\/wp\/v2\/pages\/5496\/revisions"}],"predecessor-version":[{"id":6415,"href":"https:\/\/www.laminet.ch\/fr\/wp-json\/wp\/v2\/pages\/5496\/revisions\/6415"}],"wp:attachment":[{"href":"https:\/\/www.laminet.ch\/fr\/wp-json\/wp\/v2\/media?parent=5496"}],"curies":[{"name":"wp","href":"https:\/\/api.w.org\/{rel}","templated":true}]}}

Protection des données

<div data-elementor-type="wp-page" data-elementor-id="5496" class="elementor elementor-5496 elementor-1817" data-elementor-post-type="page">
				<div class="elementor-element elementor-element-d102310 e-flex e-con-boxed e-con e-parent" data-id="d102310" data-element_type="container" data-e-type="container">
					<div class="e-con-inner">
				<div class="elementor-element elementor-element-2287821 elementor-widget elementor-widget-heading" data-id="2287821" data-element_type="widget" data-e-type="widget" data-widget_type="heading.default">
				<div class="elementor-widget-container">
					<h2 class="elementor-heading-title elementor-size-default">Politique de confidentialité</h2>				</div>
				</div>
					</div>
				</div>
		<div class="elementor-element elementor-element-ed2d0d9 e-flex e-con-boxed e-con e-parent" data-id="ed2d0d9" data-element_type="container" data-e-type="container">
					<div class="e-con-inner">
				<div class="elementor-element elementor-element-532b696 elementor-widget elementor-widget-text-editor" data-id="532b696" data-element_type="widget" data-e-type="widget" data-widget_type="text-editor.default">
				<div class="elementor-widget-container">
									<p style="font-weight: 400;"><strong>Personne responsable</strong></p><p style="font-weight: 400;">La personne responsable du traitement de vos données personnelles est</p><p style="font-weight: 400;">Marie-Therese Laminet<br />Cabinet d&rsquo;acupuncture<br />Rue de Nidau 28<br />2502 Bienne</p><p style="font-weight: 400;"><strong>But du traitement </strong></p><p style="font-weight: 400;">La collecte et le traitement de vos données personnelles servent en premier lieu à communiquer avec vous. Cela inclut également des fins de marketing et de gestion des relations. Nous utilisons en particulier les données de communication et les données de base à cet effet. Nous pouvons également collecter et traiter des données personnelles pour l&rsquo;exécution et le traitement du contrat de traitement. Sur la base de votre utilisation de notre site web, nous traitons vos données aux fins décrites ci-dessous.</p><p style="font-weight: 400;"><u>Mise à disposition du site web et création de fichiers journaux</u></p><p style="font-weight: 400;">Lorsque vous visitez notre site web, nous collectons automatiquement des informations techniques générales sur votre visite dans ce que l&rsquo;on appelle des fichiers journaux. Il s&rsquo;agit par exemple de l&rsquo;adresse IP de l&rsquo;appareil utilisé à partir duquel la visite a lieu. La collecte et le traitement de ces fichiers journaux ont pour but de permettre l&rsquo;utilisation de notre site web (établissement de la connexion), de garantir et d&rsquo;augmenter durablement la sécurité et la stabilité de nos systèmes, de permettre l&rsquo;optimisation de notre offre Internet ainsi qu&rsquo;à des fins statistiques internes.</p><p style="font-weight: 400;"><u>Bulletin d&rsquo;information</u></p><p style="font-weight: 400;">Vous pouvez vous inscrire à notre newsletter. Nous traitons les données recueillies dans ce cadre afin de pouvoir vous informer sur notre cabinet et sur les évolutions générales dans le domaine de la MTC/santé par le biais de la newsletter. Vous pouvez vous désabonner de la newsletter à tout moment en envoyant un e-mail à [E-Mail Adresse].</p><p style="font-weight: 400;"><u>Formulaire de contact, chat et contact par e-mail</u></p><p style="font-weight: 400;">Vous pouvez nous contacter par formulaire de contact, chat ou e-mail. Nous traitons les données ainsi collectées afin d&rsquo;examiner votre demande et de prendre contact avec vous, par exemple pour fixer un rendez-vous.</p><p style="font-weight: 400;"> </p><p style="font-weight: 400;"><strong>Transmission</strong></p><p style="font-weight: 400;">Nous traitons vos données personnelles de manière confidentielle et ne les communiquons qu&rsquo;aux tiers mentionnés dans la présente déclaration de confidentialité.</p><p style="font-weight: 400;">Pour diverses activités administratives, notre cabinet fait appel à des prestataires de services externes. Ces prestataires de services externes peuvent, en raison de leurs activités, avoir accès à vos données personnelles, étant entendu qu&rsquo;ils sont contractuellement tenus de toujours traiter vos données personnelles de manière confidentielle. Dans ce contexte, vos données personnelles peuvent notamment être communiquées aux destinataires suivants :</p><ul><li>Fiduciaire en rapport avec la tenue de la comptabilité et l&rsquo;établissement et l&rsquo;envoi des factures,</li><li>conseiller fiscal, si cela s&rsquo;avère nécessaire pour l&rsquo;établissement de la déclaration d&rsquo;impôt,</li><li>les sociétés de services informatiques qui fournissent les logiciels et les services que nous utilisons et assurent la gestion du site web,</li><li>les sociétés de recouvrement, si nous devons faire valoir notre prestation par voie de poursuite,</li><li>les cabinets d&rsquo;avocats, si un litige résulte du contrat de soins,</li><li>Caisse des Médecins</li></ul><p style="font-weight: 400;">En outre, nous communiquons vos données personnelles aux caisses d&rsquo;assurance maladie et aux compagnies d&rsquo;assurance, notamment dans le cadre de la facturation des prestations que nous fournissons. Nous pouvons également communiquer vos données personnelles à des administrations et des autorités, telles que les autorités sanitaires cantonales ou fédérales, si cela s&rsquo;avère nécessaire dans le cadre de la gestion de notre cabinet et des autorisations accordées.</p><p style="font-weight: 400;">Nous pouvons également communiquer vos données personnelles à d&rsquo;autres professionnels de la santé (tels que des médecins, des naturopathes, etc.) si cela s&rsquo;avère nécessaire dans le cadre du traitement médical, par exemple pour obtenir un deuxième avis ou des informations complémentaires ou pour assurer la suppléance. Si cela s&rsquo;avère nécessaire dans le cadre du traitement médical, nous pouvons également demander à d&rsquo;autres professionnels de la santé (p. ex. votre médecin traitant) de nous fournir des informations sur vos antécédents médicaux et, dans ce contexte, nous indiquons que vous êtes en traitement chez nous.</p><p style="font-weight: 400;">Vos données personnelles (comme les résultats, les propositions thérapeutiques, etc.) peuvent également être partagées avec vos proches.</p><p> </p><p style="font-weight: 400;"><strong>Annonce à l&rsquo;étranger</strong></p><p style="font-weight: 400;">Nous communiquons vos données personnelles aux pays suivants : Allemagne</p><p style="font-weight: 400;"><strong>Communication</strong></p><p style="font-weight: 400;">La communication par courrier électronique non crypté comporte un risque de perte, d&rsquo;interception ou de manipulation des données. La confidentialité des données ne peut pas être garantie lors de la transmission par courrier électronique non crypté. Il en va de même pour les services de messagerie. Nous ne pouvons pas garantir la confidentialité des communications par courrier électronique non crypté et des services de messagerie. Si vous nous contactez par e-mail, par messagerie ou par un service similaire, nous considérons que vous acceptez d&rsquo;utiliser ces canaux de communication. Nous nous réservons également le droit de vous contacter par le biais de ces canaux de communication.</p><p style="font-weight: 400;"><strong>Utilisation des cookies</strong></p><p style="font-weight: 400;">Les cookies sont de petites unités d&rsquo;information qui permettent d&rsquo;identifier votre navigateur de manière unique et dans lesquelles d&rsquo;autres informations telles que les préférences de l&rsquo;utilisateur peuvent être stockées. Lorsque vous visitez notre site Web, les cookies sont automatiquement enregistrés sur votre terminal. Les cookies contribuent à rendre votre visite sur le site plus simple, plus agréable et plus utile. Nous utilisons les cookies suivants :</p><ul><li>Cookies techniquement nécessaires : ces cookies sont obligatoires pour le fonctionnement de notre site web et ne peuvent pas être désactivés dans nos systèmes.</li><li>Cookies de fonctionnalité : ces cookies permettent de fournir des fonctionnalités améliorées et de personnaliser. Ils peuvent être placés par nous ou par des tiers dont nous utilisons les services sur notre site.</li><li>Cookies d&rsquo;analyse : ces cookies nous permettent de compter les visites et d&rsquo;identifier les sources d&rsquo;accès afin de déterminer et d&rsquo;améliorer les performances de notre site.</li><li>Cookies marketing : ces cookies et autres technologies de suivi nous permettent de vous proposer des publicités personnalisées.</li></ul><p style="font-weight: 400;">Vous pouvez configurer votre navigateur pour qu&rsquo;il bloque les cookies. Toutefois, cela peut empêcher le fonctionnement de certaines parties du site.</p><p style="font-weight: 400;"> </p><p style="font-weight: 400;"><strong>Contact</strong></p><p style="font-weight: 400;">Pour toute question concernant le traitement de vos données personnelles ou l&rsquo;exercice de vos droits en matière de protection des données, vous pouvez nous contacter à l&rsquo;adresse praxis@laminet.ch</p><p style="font-weight: 400;"><strong>Actualité et modifications</strong></p><p style="font-weight: 400;">Nous nous réservons le droit de mettre à jour et d&rsquo;adapter la présente déclaration de confidentialité à tout moment et sans préavis. La version en vigueur publiée sur notre site web fait foi.</p><p style="font-weight: 400;">En utilisant notre site web, vous acceptez ces conditions et le traitement correspondant de vos données personnelles.</p><p style="font-weight: 400;">Version de la déclaration de confidentialité de 01.02.2025</p><p style="font-weight: 400;"> </p>								</div>
				</div>
					</div>
				</div>
				</div>

<p>Politique de confidentialité Personne responsable La personne responsable du traitement de vos données personnelles est Marie-Therese LaminetCabinet d&rsquo;acupunctureRue de Nidau 282502 Bienne But du traitement La collecte et le traitement de vos données personnelles servent en premier lieu à communiquer avec vous. Cela inclut également des fins de marketing et de gestion des relations. Nous [&hellip;]</p>
